120 and r?
15
Suppose 21 = x + 7. Let g = -139 + 181. Calculate the highest common divisor of g and x.
14
Suppose -6 + 60 = 3*w. Let x = w - 11. Let n = -227 + 248. Calculate the greatest common factor of x and n.
7
Suppose 5*q - 26 = 2*i, -q = i - 2 - 6. Let h be (-50)/(-2) + q + -3. Calculate the highest common factor of h and 4.
4
Let i be -1 - 3/(1*(3 + -4)). Let y be 14/10 - (-10)/(-25). Suppose 5 - y = 2*x. What is the highest common factor of i and x?
2
Suppose 0 = 2*g - 4*v - 704, 3*g - 746 - 318 = 4*v. What is the greatest common divisor of g and 160?
40
Let d = -1542 - -1758. Calculate the highest common divisor of d and 126.
18
Let a be 3/2 + 165/(-22). Let v be 5/3 + (-8)/a. Let d be v*12 + -5 + 5. Calculate the greatest common factor of 12 and d.
12
Let h(f) = -f - 3. Let d be h(-8). Suppose -d = 2*k + 3*j, -7*k + 2*k = j + 6. Let a be (k/(-3))/(1/15). What is the highest common divisor of a and 35?
5
Let d(s) = s**3 + s**2 + 2*s + 17. Let u be d(0). Let m = u + -3. Calculate the highest common factor of m and 21.
7
Let m be (15/(-12))/(1/(2 - 6)). Let z = m + 7. What is the highest common divisor of z and 48?
12
Let m(p) = -22*p - 28. Let q(f) = f**2 - 8*f + 5. Let v be q(6). Let o be m(v). Calculate the highest common factor of 28 and o.
14
Let v = 214 + -196. Let k(z) = 18*z**3 - z**2 + 2*z - 1. Let c be k(1). What is the greatest common divisor of v and c?
18
Let p = -20 + 24. Suppose p*a - 442 = -2*q, -4*q + a = -3*a - 944. Suppose -4*b + 105 = b. Calculate the greatest common divisor of q and b.
21
Let w be (-1 - (-12)/8) + (-87)/(-2). Suppose 0*u - 60 = -5*u - p, -5*u - 2*p = -65. Calculate the highest common divisor of u and w.
11
Suppose -4*m + 2*m = -44. Suppose -4*b = -2*l - m + 116, b + 216 = 4*l. Calculate the highest common factor of l and 22.
11
Suppose 0 = h + 3*h. Suppose -3*b = -3*u + 60, h = b + 2*b + 9. Calculate the highest common factor of 187 and u.
17
Suppose -o + 2*f = -17, 3*o - 8*f + 3*f - 54 = 0. Suppose 0 = u - 2*u + 184. Calculate the greatest common factor of u and o.
23
Suppose 58 = 2*x - 2*n - 290, 4*x + 5*n - 732 = 0. Calculate the greatest common factor of x and 445.
89
Let l = 33 + -13. Suppose -3*a - 2*a = -l. Suppose 2*w = s + 37, -w = s - 6*s + a. Calculate the highest common factor of 7 and w.
7
Let d(c) = -7*c**2 - 8*c. Let w be d(-4). Let j be (-484)/(-10) - (-32)/w. Calculate the greatest common divisor of 36 and j.
12
Let x(f) = 11*f - 45. Let j be x(5). What is the highest common factor of 6 and j?
2
Let m be 2852/20 + (-4)/(-10). Suppose -n + 135 = 5*a - 6*n, a - 28 = 2*n. What is the greatest common divisor of a and m?
13
Let q be (10/2)/(2/4). Suppose -2829 = -q*r - 909. Suppose -2*b + 56 = -4*o, -3*b + 2*o + 2*o + 80 = 0. What is the highest common divisor of b and r?
24
Let y = 12 + 0. Let i(t) = 6*t**3 - 3*t + 2. Let r be i(1). Suppose 20 = -f + r*f, f - 9 = -d. What is the highest common divisor of d and y?
4
Suppose -30*v = -27*v. Suppose 0*b + b - 54 = v. What is the greatest common divisor of b and 6?
6
Let w = -112 - -114. Suppose 0 = -p - w*z + 24, 0 = 8*z - 5*z. Calculate the greatest common divisor of p and 120.
24
Let p(x) = -x**3 - 30*x**2 - 29*x + 5. Let r be p(-29). Suppose -40 = -r*u + 60. What is the highest common factor of 25 and u?
5
Let t = -551 + 928. Calculate the greatest common divisor of 29 and t.
29
Let m = 0 - -2. Suppose m*x - 117 = 5*a, 3*a = -4*x + a + 198. Suppose -21*t = -27*t + 204. Calculate the greatest common divisor of x and t.
17
Let v(d) = -29*d**3 - 1. Let x be v(-1). Suppose 0 = -112*h + 2593 - 1428 + 3539. What is the highest common factor of x and h?
14
Let i = -958 + 1198. Calculate the highest common factor of i and 135.
15
Let n be (-33750)/13 - 10/(-65). Let s = -1717 - n. Suppose l - 4*v = 4*l - s, -2*l = -2*v - 600. Calculate the greatest common divisor of l and 27.
27
Let n = -607 + 856. Suppose n = 9*m - 1200. Let z(x) = 6*x - 1. Let b be z(4). Calculate the greatest common factor of m and b.
23
Suppose 0 = 7*m + 174 - 846. What is the highest common factor of m and 120?
24
Let q be (-9 + -3)/4 - (-68)/4. Calculate the highest common factor of 14 and q.
14
Suppose -1966 = -7*i + 9346. Calculate the highest common factor of i and 16.
16
Suppose 56*m - 40 = 48*m. Calculate the greatest common factor of m and 10.
5
Suppose z - 12*z = 14*z. Suppose z = -3*p + 5*f + 80, 5*f - 97 = -5*p + 63. What is the highest common factor of p and 45?
15
Let k = -115 - -155. Suppose -u + 0*u = 3*i + 128, 3*u - 2*i + 362 = 0. Let m = u + 182. Calculate the greatest common factor of k and m.
20
Let a = -62 - -126. Let b be (-6)/11 - (-1974)/231. What is the greatest common divisor of a and b?
8
Suppose -90 = -2*i - 3*i. Let z be (10/(-4) - -2)*-284 + 2. Calculate the highest common divisor of i and z.
18
Let w(x) = x**2 + 13*x + 34. Let y be w(-20). Calculate the highest common divisor of 609 and y.
87
Suppose 2*n + 5*h + 7 = 4*h, 2*h = -6. Let k be (-6)/n*(-4 - (-16)/3). Let i be (-4)/6*(1 - 4). Calculate the greatest common divisor of k and i.
2
Let f(p) = 8*p. Let g be f(-7). Let d = g + 104. Calculate the highest common divisor of 24 and d.
24
Let w = 5 - 1. Suppose -19*m + 333 = 4*m - 311. What is the highest common divisor of w and m?
4
Let y(z) = -z**3 - 9*z**2 - 9*z - 4. Let i be y(-8). Suppose 0 = i*j + a - 91, -5*a + 100 = 5*j - a. What is the highest common factor of 3 and j?
3
Let y be ((-70)/21 + 6)/((-5)/(-600)). Calculate the highest common divisor of y and 200.
40
Suppose y - 8 = -0*y. Calculate the greatest common factor of y and 32.
8
Let y(u) = -3*u + 2. Let g(d) = 6*d - 5. Let j(x) = 3*g(x) + 5*y(x). Let o be j(3). What is the greatest common divisor of 4 and o?
4
Let j(s) = -20*s + 4. Let y be j(-2). Let q(p) = p**3 - 5*p**2 + 3*p - 4. Let h be q(5). What is the highest common divisor of y and h?
11
Suppose 197 = -3*l + 2*h, -5*l - 348 = h - 24. Let n = -40 - l. Calculate the highest common factor of n and 125.
25
Suppose -4*h + 1380 = m, -13*m = -8*m - 5*h - 6875. Calculate the highest common divisor of m and 64.
32
Let k(r) be the second derivative of r**5/20 + r**4/2 + r**3/6 - 2*r**2 + 5*r. Let v be k(-3). Let m = 4 + v. What is the highest common factor of m and 6?
6
Suppose -2*m + 181 + 421 = 0. What is the highest common factor of 7 and m?
7
Suppose f - 88 = -d - 3*d, -374 = -5*f + 2*d. Let s = f - 66. Calculate the greatest common factor of 2 and s.
2
Let b be (-5 + 2)*2/(-3). Suppose 2*v + 4*f = -v + 24, b*v = -f + 11. What is the highest common divisor of v and 20?
4
Let g = 84 - -84. Let r = 330 - g. Suppose 8*q - 90 = 3*q. What is the greatest common factor of q and r?
18
Let r = 17 + 13. Let t = 17 - r. Let n = t + 29. Calculate the greatest common divisor of n and 16.
16
Let r(j) = -j**3 + 6*j**2 - 2*j. Let q be r(5). Let c = 17 - q. Suppose 602 - 170 = c*s. Calculate the highest common factor of s and 27.
27
Let d(z) = -z**2 + z + 144. Let t be d(0). Suppose -c = -5*j - 183 + 259, 96 = 5*j + 4*c. Calculate the greatest common divisor of t and j.
16
Let n(y) = -y**2 - 8. Let u be n(7). Let b = u - -27. Let o be (-6)/(-45) - 236/b. Calculate the greatest common divisor of 8 and o.
8
Suppose 2*s = 3*r - 32, -4*r - s = -3*r - 4. What is the highest common divisor of 128 and r?
8
Let h be 18/(-63) + ((-516)/14)/(-3). What is the greatest common factor of 6 and h?
6
Suppose 2*n + 6 = 14. Suppose 0 = -n*b + 5*q + 18, -b = 3*b - q - 10. Suppose -201 + 81 = -b*g. What is the highest common divisor of g and 12?
12
Let i be 4/(-1) - -1*(644 - 1). Suppose 4*m = -135 + i. What is the greatest common divisor of 18 and m?
18
Let i(n) = n**2 + 5*n - 2. Let p be i(-6). Suppose 6 + 10 = p*h. Calculate the highest common factor of 1 and h.
1
Suppose 0 = -3*t + 76*f - 80*f + 922, -3*f - 609 = -2*t. What is the greatest common factor of 136 and t?
34
Let j(i) = -i**2 + 21*i + 65. Let h be j(20). What is the highest common factor of h and 102?
17
Suppose -31*i = -32*i + 11. Calculate the highest common divisor of i and 891.
11
Let d(s) = -70*s - 388. Let x be d(-10). Calculate the greatest common divisor of x and 195.
39
Suppose -2*m - 2*l = -280, -4*l - 256 = m - 3*m. Let h = 240 - m. What is the greatest common factor of h and 26?
2